4*o**2. Determine r(v).
-4
Let w(j) be the third derivative of -1/2*j**3 + 0*j - j**2 + 1/12*j**4 + 0. Determine w(5).
7
Let j = -5 - -8. Let b(n) be the third derivative of -n**4/24 - n**3/3 + 17*n**2. Determine b(j).
-5
Let h(x) = -6*x**3 - x**2. Let t be h(-1). Suppose -4 = l - t*l. Let m(k) = -3*k**2 + 2*k - 1. Calculate m(l).
-2
Let u(x) be the first derivative of -x**3/3 - x**2 - 3*x - 7. Suppose 0 = -3*j - 5*h - 14, -6*j + j = -3*h + 12. Calculate u(j).
-6
Let r = 44 - 12. Let q(l) = -5*l - 3. Let a(g) = -56*g - 32. Let b(o) = r*q(o) - 3*a(o). Determine b(1).
8
Let p(c) = 6 + 0 + 18*c - 17*c + 0. Give p(-6).
0
Let x(n) be the second derivative of -n**5/20 - n**4/2 - 5*n**3/6 - 5*n**2/2 - 3*n. Calculate x(-5).
-5
Suppose 0 = -g + 3 - 7. Let j be g*2/2 + 2. Let o(z) = -7*z - 3 + 6*z + 2 + 0. Determine o(j).
1
Let u(g) = g**2 + 12*g**3 - 21*g**3 + 2*g + 1 + 5*g**3. Determine u(-1).
4
Let k(x) = x**2 - 5*x - 2. Let g be k(4). Let m(o) = o**3 + 5*o**2 - 8*o - 6. Determine m(g).
6
Let w(h) = 10*h**2 + 13*h**2 - 26*h**2 + h - 2. What is w(2)?
-12
Let r(p) = 8*p - 5. Let n(s) = -1. Let k(t) = -6*n(t) + r(t). What is k(1)?
9
Let m(c) be the third derivative of 13*c**4/24 + c**3/6 + 6*c**2. Give m(-1).
-12
Let f(y) be the second derivative of y**6/120 - y**5/10 + y**4/12 - 7*y**3/6 + 4*y**2 + 7*y. Let z(x) be the first derivative of f(x). Calculate z(6).
5
Suppose 3*y = -0*y - 12. Let g(r) = -r**2 + r - 1. Let w(s) = 2 - 8 + s - 6*s**2 + 0 + 2*s**2. Let f(z) = -3*g(z) + w(z). Determine f(y).
-11
Let s(w) = -w**2 - 12 + 13*w + 5 - 5. Let c be s(12). Let a(t) = t**3 - t**2 + t - 2. Calculate a(c).
-2
Let k be 2/10 - (-247)/65. Let q = 4 + -3. Let t(c) = 3*c**2 - c**3 + 2*c**2 + 3 - 3*c - q. What is t(k)?
6
Let b be 0*(13/(-3) + 8 + -4). Let d(c) = -c**3 + 0*c - c - 1 + c**2 + 5. Calculate d(b).
4
Let b be 24/21 - -1 - 10/70. Let f(p) = -p**3 + 2*p**2 - 2*p + 3. Determine f(b).
-1
Let p(j) be the second derivative of -7*j**3/6 - 3*j. Let k = 1 + -2. Calculate p(k).
7
Let o(t) = t**3 + 3*t**2 + t - 1. Let j be 4/10 + 102/(-30). Determine o(j).
-4
Suppose -2*l + 6 = -l. Let n(q) = -q**3 + 7*q**2 - 6*q - 4. Let j be n(l). Let s(u) = 2*u - u - 2*u - 2. Give s(j).
2
Suppose -5*j + 6 = -3*m, -2*m + 2*j - j + 3 = 0. Let k(g) = -1 - m - 2*g + 2. Let y = -10 + 7. Determine k(y).
4
Let s(w) = w**2 - 7*w. Suppose u = 4*i - 29, -2*u - 25 = -4*i - 5*u. What is s(i)?
0
Let y(d) = -d + 2 + 4*d - 4*d + 5*d. What is y(-4)?
-14
Let y(x) = -9*x + 5. Let d(q) = q + 1. Let a(c) = 2*c - 11. Let p(t) = -a(t) - 6*d(t). Let b(h) = 6*p(h) - 5*y(h). What is b(4)?
-7
Let d be 3*(1 + -1 + -1). Let l(t) = t**3 + t**2 - 2*t + 3. Give l(d).
-9
Suppose -2*t + 1 = a + 5, 0 = -t + 2*a - 7. Let w(j) = -2*j**2 - 5*j + 2. Let i(v) = -v - 1. Let k(q) = -2*i(q) + w(q). What is k(t)?
-5
Let s be (3 - -5)*(-3)/4. Suppose 0 = -2*i - 6, -4 = -3*z - 4*i - 10. Let k(a) = -8*a - 4 + a - 1 - a**z. Calculate k(s).
1
Suppose 0 = 5*p + 5*a - 15, -7*p + 3*p = -4*a + 20. Let i(l) be the second derivative of 3*l**3/2 - l**2/2 + 88*l. Determine i(p).
-10
Let t(h) be the third derivative of -h**6/120 + h**5/60 + h**4/8 - 2*h**3/3 + 25*h**2. Calculate t(3).
-13
Let h(z) be the first derivative of -7*z**5/120 - z**4/24 - z**3 - 3. Let g(u) be the third derivative of h(u). Suppose 0*d = 2*d + 2. What is g(d)?
6
Let y(k) = -k**2 + 4*k + 5. Let c(b) = b**3 - 2*b**2 + 3*b - 1. Let s be c(2). What is y(s)?
0
Let a = 4 - 5. Let c = a - -2. Let p(y) = -4*y**2 - 1. Let w be p(c). Let b(o) = o**3 + 4*o**2 - 4*o + 7. Determine b(w).
2
Let c(h) be the third derivative of -h**4/6 - h**3/2 - 47*h**2. Determine c(4).
-19
Let x(k) = 2*k - 2. Let l be 4/2 - 0/(-2). What is x(l)?
2
Let g(v) be the first derivative of 2*v**3/3 + 4*v**2 + 7*v - 11. Calculate g(-5).
17
Let h(k) be the second derivative of k**4/12 + k**3 - 3*k**2 - 5*k. Determine h(-5).
-11
Let g(w) = -2*w + 2. Suppose 0 = -r - 2*t + 13, -3*r + 0*t + 30 = 3*t. Calculate g(r).
-12
Let j = -12 + 12. Let w(f) = -3 + j*f**2 + f + f**2 - 5*f - 4*f**2. Calculate w(-2).
-7
Let h(d) = -d**3 + 8*d**2 - 9*d + 9. Let z be h(7). Let r be (-16)/z - 1/5. Let q(o) = 0 + r + o**3 + 3*o - 5 + 1 - 3*o**2. What is q(2)?
1
Let v be -2*1 + (-2)/(-1). Let c(z) = 25 - 35 + 17 - z. Calculate c(v).
7
Let i(r) = -303*r + 2 + 304*r + 3 - 3 + 3. Let u be (-3)/6 - 18/(-4). Give i(u).
9
Suppose 30 = 5*y - 0. Let f(n) = n**2 - 9*n + 7. Calculate f(y).
-11
Let o(h) = -3*h**2 - 2*h + 1. Suppose -2*x + 0 = -2. Determine o(x).
-4
Suppose -2*p + 2 = -4. Let o be (-18)/(-9)*3/2. Let k(h) = 4*h**2 - o*h**2 - 46 + 3*h - 2*h**2 + 45. Give k(p).
-1
Let f = 6 - 2. Let m(u) = u - 7. Give m(f).
-3
Suppose -5*j + 5*f - 2 = 18, -5 = -5*f. Let t(g) = -4*g**2 + g + 1. Let n(p) = p**2 - 1. Let c(o) = -5*n(o) - t(o). Give c(j).
-2
Let r be -4*(2 + (-7)/2). Let g be (-1 - r/(-3))*3. Let t(j) = -j + 4. What is t(g)?
1
Let j(n) = n**3 - 8*n**2 + 2. Let r = 48 + -40. Give j(r).
2
Suppose -3*s - 4*t = -4*s + 13, 4*s + 3*t - 14 = 0. Let g(l) = -2*l - 2*l + 1 + 5*l. Calculate g(s).
6
Let j(u) = 17*u**3 + 3*u**2 - 7*u - 1. Let b(w) = -w**3 + w**2 - w. Let r(d) = -5*b(d) + j(d). Calculate r(-1).
-23
Let t(n) be the first derivative of -n**3/3 + 5*n + 2. Let v be t(0). Let a(y) = y + 7 - 2 - v. Give a(-5).
-5
Let g(v) = -v**2 - 5*v + 3. Let y be g(-6). Let p be (2/y)/(1/(-3)). Let x(h) = 8*h + 3*h**2 + 2 - p*h**2 + 4. Calculate x(-5).
-9
Let w(n) = 3*n - 4. Let h(m) be the second derivative of -m**3/2 + 3*m**2/2 + 6*m. Let i(c) = -6*h(c) - 5*w(c). Calculate i(-2).
-4
Suppose -27 = -6*z - 15. Let q(g) = g**3 - 3*g**2 + g + 1. Calculate q(z).
-1
Suppose -5*f - 1 - 14 = 0. Let q(m) be the second derivative of -m**5/20 - m**4/3 - m**3/3 - m**2 + m. What is q(f)?
-5
Let q = -48 - -29. Let y = -14 - q. Let d(u) = 2*u - 1 - 2 - 1. What is d(y)?
6
Let l(c) = 5*c**3 - 4*c**3 - 5*c - 2 - 3 + 5*c**2 + 3*c. Suppose 45 = -7*n + 10. Give l(n).
5
Let x = -6 + -1. Let b = 9 + x. Let y(n) = n**3 - 4*n + 3. What is y(b)?
3
Let s = 1 + -2. Let u(n) = 5*n**2 - 2. Let a(y) = y**2 - 1. Let j(r) = r**2 - 2*r + 1. Let l be j(2). Let z(b) = l*u(b) - 2*a(b). Determine z(s).
3
Let q(x) be the second derivative of -x**4/12 + x**3/2 + 3*x**2/2 - 4*x. Give q(3).
3
Suppose -6*k + 8 = -4*k. Suppose 0 = -4*r + k*j + 16, 8*j - 4*j + 4 = 0. Let c(i) = i**2 - 2*i - 1. Give c(r).
2
Let g(f) = -f**2 + 4*f + 1. Let j(w) = w**3 + 2*w**2 - 2*w - 1. Let h(q) = -2*q - 14. Let m be h(-6). Let t be j(m). Calculate g(t).
4
Let d = 40 + -38. Let m(i) be the first derivative of 1/3*i**3 + 0*i**d + i - 1. What is m(-2)?
5
Let x(r) = r**2 + 38*r + 68. Let h be x(-36). Let p(b) = 4*b**2 - b - 10. Let l(s) = -3*s**2 + 2*s + 9. Let c(v) = 6*l(v) + 5*p(v). Determine c(h).
8
Let o(g) = 10*g**2 - 3*g - 3. Let j(t) = t**2 - t - 1. Let y(q) = -2*j(q) + o(q). Let f(m) = -m + 2. Let z = 0 - -3. Let p be f(z). Give y(p).
8
Suppose 2*s = -3*s + 25. Let q(w) be the second derivative of w**3/6 - 5*w**2/2 + 2*w. Calculate q(s).
0
Let a(r) = r - 4. Let m = 17 + -12. Suppose s = 2*s - m. What is a(s)?
1
Let d = -1 + 0. Let j(r) = 15*r**3 - 7*r**2 + r - 10. Let a(g) = -g**3 + 2 + 0*g**2 + 5*g**2 - 9*g**3 + 5 - g. Let m(i) = 7*a(i) + 5*j(i). Give m(d).
-4
Let o(k) = -3*k**3 + 2*k - 3. Let m(b) = -b - 2. Let f be m(-5). Let g = 1 - f. Let z(i) = 7*i**3 + i**2 - 5*i + 7. Let t(p) = g*z(p) - 5*o(p). What is t(-1)?
-2
Let t(l) = -l**2 - 7*l + 2. Let u(d) = d**2 + 7*d - 2. Let m(k) = -4*t(k) - 5*u(k). Give m(-4).
14
Let f(l) = 3*l**3 - 3*l**2 + 2*l - 1. Let b(s) = -s**3 - s**2 - s + 1. Let d(r) = -2*b(r) - f(r). Let h = 40 - 35. Give d(h).
-1
Let k(h) = h + 11. Let p be 1/(2 + (-12)/4)*7. Determine k(p).
4
Let m(f) = -f**3 + 2*f**2 - 2*f. Let v be (-32)/(-20) - (-4)/10. Calculate m(v).
-4
Let r(u) = 3*u. Let b(h) = 2*h. Let l(s) = 4*b(s) - 5*r(s). What is l(2)?
-14
Let j(s) = 2*s**2 - 2*s - 4. Suppose w - 2*c - 17 = 0, 0*w - 2*w + 36 = -3*c. Let h = -13 + w. Let v be ((-6)/h)/(2/(-8)). Give j(v).
8
Let i(u) = u**3 + 3*u**2 - 2. Let w(a) be the second derivative of -7/12*a**4 + 7/6*a**3 - 1/20*a**5 + 0 - 5*a**2 - 2*a. Let h be w(-8). Determine i(h).
2
Let f(n) = 2*n + 3. Let t be (-3 + -1)*6/(-12). Let i = t + -5. Determine f(i).
-3
Let t(f) = 6*f**2 + 1. Suppose 78 = -k + 79. Determine 